 107, 4463033
What are the prime factors of 3464406972?
2, 3, 13, 43, 172153
What are the prime factors of 2350522835?
5, 23, 20439329
List the prime factors of 53074518.
2, 3, 7, 53, 113, 211
List the prime factors of 74707591.
7, 1021, 10453
What are the prime factors of 53135830?
2, 5, 11, 29, 16657
What are the prime factors of 538499751?
3, 89, 2016853
What are the prime factors of 3117906867?
3, 167, 383, 16249
List the prime factors of 1324204680.
2, 3, 5, 31, 355969
List the prime factors of 337121011.
6551, 51461
List the prime factors of 2701818915.
3, 5, 439, 410299
List the prime factors of 542649077.
73, 7433549
List the prime factors of 489232748.
2, 19, 191, 33703
What are the prime factors of 233363853?
3, 1471, 17627
List the prime factors of 583294969.
1667, 349907
List the prime factors of 29939867.
89, 336403
List the prime factors of 240808782.
2, 3, 599, 67003
What are the prime factors of 637020056?
2, 17, 311, 15061
What are the prime factors of 26538131?
563, 47137
What are the prime factors of 72717487?
3167, 22961
What are the prime factors of 204365259?
3, 7, 47, 69019
List the prime factors of 33080045.
5, 17, 19, 20483
What are the prime factors of 110342291?
17, 19, 341617
List the prime factors of 248680.
2, 5, 6217
List the prime factors of 1773552496.
2, 110847031
List the prime factors of 2040290964.
2, 3, 2837, 6659
What are the prime factors of 98328185?
5, 107, 239, 769
List the prime factors of 13914424.
2, 1739303
What are the prime factors of 526845864?
2, 3, 53, 239, 1733
List the prime factors of 530628059.
13, 3139811
List the prime factors of 21013092.
2, 3, 583697
What are the prime factors of 502109404?
2, 125527351
What are the prime factors of 4319911932?
2, 3, 7, 2383, 3083
What are the prime factors of 417117501?
3, 43, 1077823
What are the prime factors of 165031877?
23, 37, 53, 3659
List the prime factors of 113386054.
2, 56693027
What are the prime factors of 1445391322?
2, 59, 12249079
List the prime factors of 3491704619.
13, 43, 6246341
What are the prime factors of 104700945?
3, 5, 23, 157, 1933
List the prime factors of 1026568182.
2, 3, 37, 197, 23473
List the prime factors of 48792989.
7, 6970427
List the prime factors of 2488737704.
2, 109, 797, 3581
What are the prime factors of 51529061?
47, 1096363
What are the prime factors of 225618414?
2, 3, 7, 1361, 3947
What are the prime factors of 4177836406?
2, 53, 1051, 37501
What are the prime factors of 1118786144?
2, 7, 211, 23671
List the prime factors of 76598450.
2, 5, 683, 2243
What are the prime factors of 333007373?
17, 419, 46751
What are the prime factors of 71016462?
2, 3, 11, 358669
List the prime factors of 525694757.
7, 17, 53, 4903
What are the prime factors of 19218421?
19218421
What are the prime factors of 1446424067?
11, 43, 1367, 2237
What are the prime factors of 530415797?
31, 17110187
What are the prime factors of 446307224?
2, 11, 5071673
List the prime factors of 2660779167.
3, 229, 3873041
List the prime factors of 16201583.
43, 577, 653
What are the prime factors of 187285516?
2, 11, 83, 51283
What are the prime factors of 269786554?
2, 101, 109, 12253
List the prime factors of 1058515802.
2, 19, 2113, 13183
What are the prime factors of 129824250?
2, 3, 5, 173099
List the prime factors of 71212565.
5, 2269, 6277
List the prime factors of 4136729.
17, 43, 5659
What are the prime factors of 403106163?
3, 134368721
List the prime factors of 1040927062.
2, 7, 74351933
What are the prime factors of 4441387324?
2, 11, 100940621
List the prime factors of 980164148.
2, 7451, 32887
What are the prime factors of 1431018233?
15227, 93979
What are the prime factors of 103292523?
3, 3825649
List the prime factors of 23548768.
2, 677, 1087
List the prime factors of 315540058.
2, 53, 2976793
What are the prime factors of 2249214481?
1601, 1404881
List the prime factors of 4806917.
4806917
List the prime factors of 1149178402.
2, 574589201
What are the prime factors of 115391907?
3, 673, 19051
What are the prime factors of 23705489?
2237, 10597
What are the prime factors of 14935269?
3, 83, 59981
What are the prime factors of 163779023?
163779023
What are the prime factors of 3703015625?
5, 236993
What are the prime factors of 13877100?
2, 3, 5, 17, 907
List the prime factors of 312594567.
3, 29, 59, 60899
List the prime factors of 612718987.
89, 6884483
What are the prime factors of 1045628854?
2, 83, 6298969
List the prime factors of 78308829.
3, 79, 36713
What are the prime factors of 207174439?
13763, 15053
What are the prime factors of 9454221?
3, 7, 150067
What are the prime factors of 58488396?
2, 3, 4874033
What are the prime factors of 3194382211?
3194382211
What are the prime factors of 2184953588?
2, 349, 1565153
What are the prime factors of 323516439?
3, 19, 1891909
List the prime factors of 8655248292.
2, 3, 43, 239, 70183
What are the prime factors of 6166580?
2, 5, 7, 17, 2591
What are the prime factors of 128441148?
2, 3, 11, 887, 1097
List the prime factors of 7270274872.
2, 7, 1549, 83813
List the prime factors of 2296012987.
113, 20318699
List the prime factors of 125643722.
2, 2579, 24359
List the prime factors of 2076109.
7, 296587
What are the prime factors of 364395178?
2, 7, 67, 388481
List the prime factors of 644210814.
2, 3, 13, 29, 31, 9187
List the prime factors of 23457178.
2, 17, 689917
What are the prime factors of 42614566?
2, 21307283
List the prime factors of 162741177.
3, 41, 147011
What are the prime factors of 1835412020?
2, 5, 13, 7059277
List the prime factors of 472785434.
2, 11, 29, 741043
List the prime factors of 59457396.
2, 3, 1249, 3967
List the prime factors of 49083073.
13, 3775621
What are the prime factors of 695184633?
3, 11, 13, 180053
What are the prime factors of 39662075?
5, 331, 4793
What are the prime factors of 1114598979?
3, 13, 9526487
List the prime factors of 5821329954.
2, 3, 11, 37, 151, 15787
List the prime factors of 869174792.
2, 73, 127, 11719
List the prime factors of 94676370.
2, 3, 5, 71, 44449
What are the prime factors of 3757025749?
31, 6577, 18427
What are the prime factors of 151338648?
2, 3, 19, 331883
List the prime factors of 103456984.
2, 12932123
List the prime factors of 716309626.
2, 17387, 20599
List the prime factors of 276122778.
2, 3, 647, 71129
What are the prime factors of 36274594?
2, 18137297
List the prime factors of 3642772.
2, 7, 130099
List the prime factors of 571929874.
2, 8647, 33071
What are the prime factors of 138020578?
2, 69010289
List the prime factors of 1169985.
3, 5, 77999
What are the prime factors of 1452847076?
2, 363211769
What are the prime factors of 339218327?
7, 1433, 4831
What are the prime factors of 1168679644?
2, 11, 26560901
What are the prime factors of 56582766?
2, 3, 17, 61637
List the prime factors of 147311906.
2, 7, 3083, 3413
List the prime factors of 13360647.
3, 61, 73009
What are the prime factors of 3022018285?
5, 11, 13, 43, 7561
What are the prime factors of 254759073?
3, 571, 148721
What are the prime factors of 165370322?
2, 13, 17, 23, 16267
What are the prime factors of 49843517?
19, 2623343
What are the prime factors of 806546342?
2, 7, 41, 1405133
What are the prime factors of 523348387?
37, 2237, 6323
What are the prime factors of 108109160?
2, 5, 83, 32563
What are the prime factors of 216290920?
2, 5, 613, 8821
What are the prime factors of 2780692555?
5, 556138511
What are the prime factors of 216877436?
2, 79, 686321
What are the prime factors of 414165394?
2, 31, 6680087
List the prime factors of 940912048.
2, 58807003
List the prime factors of 12715724.
2, 7, 73, 6221
What are the prime factors of 156514694?
2, 7, 199, 56179
What are the prime factors of 929904721?
929904721
What are the prime factors of 306453432?
2, 3, 19, 43, 15629
List the prime factors of 38571325.
5, 13, 118681
What are the prime factors of 922950060?
2, 3, 5, 17, 199, 4547
What are the prime factors of 9822178?
2, 4911089
What are the prime factors of 35799124?
2, 8949781
List the prime factors of 37064805.
3, 5, 347, 7121
List the prime factors of 16642972.
2, 421, 9883
What are the prime factors of 2289977502?
2, 3, 31, 59, 208673
List the prime factors of 357984252.
2, 3, 389, 8521
What are the pri